6*p + 47. Suppose -5 - p = -5*w. What is the remainder when w is divided by 2?
1
Let j(v) = -v**3 + 8*v**2 - 6*v - 5. Let o be j(7). Let f = o - -1. Suppose -f = -2*h + 5, 5*b - 164 = -h. Calculate the remainder when b is divided by 17.
15
Let f(v) = -8 + 2*v + 0 + 2 - 3*v. Calculate the remainder when (-6)/(-4)*8/6 is divided by f(-7).
0
Let j be 0 + 3 + -1 + 1. Suppose -2*n + 112 = 3*b, 5*b - 2*n - 220 = j*n. What is the remainder when b is divided by 14?
12
Suppose 57 = 3*l + 9. What is the remainder when l is divided by 6?
4
Let n = -10 - -23. What is the remainder when 49 is divided by n?
10
Let q be (-555)/(-6)*(-8)/(-10). Suppose -q = -7*h + 10. Calculate the remainder when h is divided by 3.
0
Let t(y) = 2*y - 1 + 0*y**3 + y**3 + 3*y**3. Let x be t(1). Let h = 4 + x. What is the remainder when 25 is divided by h?
7
Suppose -6*n + n + 5*t = -125, 2*t = -n + 13. What is the remainder when 56/6*30/7 is divided by n?
19
Suppose 0 = -3*u - 2*u + 100. Suppose -t + u = 3*t + 3*r, -3*r - 4 = t. What is the remainder when t is divided by 3?
2
Let o be (30/(-18))/((-1)/3). Let t(u) = 2*u**2 - 2*u - 1. What is the remainder when 6/10 - (-27)/o is divided by t(2)?
0
Suppose -168 = 3*g - 5*g. Calculate the remainder when g is divided by 29.
26
What is the remainder when 37 is divided by 6/8 - (-98)/8?
11
Suppose 5 = -2*u + 21. Let v = u + -1. What is the remainder when 1 - (-38)/(-2)*-1 is divided by v?
6
Calculate the remainder when 21 is divided by (20 + -2)*(-4)/(-6).
9
Let x(p) = -p**2 - 6*p + 6. What is the remainder when 39 is divided by x(-5)?
6
Let k = 137 - 44. What is the remainder when k is divided by 24?
21
Let r = 33 - 18. Let w = 22 - r. What is the remainder when 18 is divided by w?
4
Let j(q) = -q**2 - 3*q - 2. Let b be j(-3). Let g = b - -13. Calculate the remainder when 19 is divided by g.
8
Calculate the remainder when (12/24)/(1 + 786/(-788)) is divided by 40.
37
Let u be ((-2)/(-3))/(4/18). Suppose -24 = -u*s - 9. Suppose -3*l = -5*f + 44, 0 = 4*f - 4*l + s - 45. What is the remainder when f is divided by 5?
2
Suppose i = -i + 70. What is the remainder when i is divided by -2 + 1 + (-1 - -20)?
17
Let n(b) = -9*b**3 + 2*b**2 + 2*b + 1. Let o(y) = -y**3 - 11*y**2 - 9*y + 13. Calculate the remainder when n(-1) is divided by o(-10).
1
Suppose -3*h = -5*h + 18. Let u = -166 - -240. Suppose -2 = s, 4*k + 0*s - 5*s - u = 0. Calculate the remainder when k is divided by h.
7
Let v(g) = -4*g - 29. What is the remainder when v(-23) is divided by 17?
12
Suppose 26*r + 630 = 31*r. Calculate the remainder when r is divided by 43.
40
Let d(r) = -6*r - 21. What is the remainder when d(-10) is divided by 20?
19
Suppose 3*g - 17 = -f - 3*f, -g + f + 1 = 0. Let a(o) = o**3 - o**2 + 3*o - 3. Calculate the remainder when 70 is divided by a(g).
22
Let o be (1/(-1))/(1/(-3)). Suppose -3*x + 24 = -o*v, 0*v + 4*v - 46 = -2*x. Let u = x - 8. Calculate the remainder when u is divided by 3.
2
Let v = -1 + 7. Let t be (1 - (-2)/(-2)) + v. Let r = 10 - t. What is the remainder when 10 is divided by r?
2
Let b(a) = -6 - 9*a - 4 + 2 + a**2. Suppose -w - 4 = -2*w. Calculate the remainder when b(11) is divided by w.
2
Suppose -3*g + 5*l + 39 = 0, -3*g - 3*l + 6 = -33. Calculate the remainder when 25 is divided by g.
12
Suppose y - 4*d - 7 = 0, 3*y + d = -0*d + 47. Calculate the remainder when 29 is divided by y.
14
Let q = -27 - -55. Let c = -11 + 8. Let t = 18 + c. What is the remainder when q is divided by t?
13
Let r = 1 + 10. Let d = r + 0. Suppose -3*n - 114 = -4*a - a, -2*a - n + 39 = 0. Calculate the remainder when a is divided by d.
10
Suppose 0 = 4*l - 5*c + 4 - 0, 2*l + 3*c = -24. Let b = l + 9. Suppose 0 = -3*w - 4*k + 18, -k - 13 = -b*w + 5. What is the remainder when 10 is divided by w?
4
Suppose -o = -4, 11 = -3*m + 3*o + 2*o. Suppose -5*x = -4*l - 2, 9 = 5*l + m*x - 7. What is the remainder when 5 is divided by l?
1
Suppose 0 = -7*m - 40 + 327. Calculate the remainder when 79 is divided by m.
38
Let u(b) = b**3 + b + 29. Suppose 3*r - 5 = 8*r. Let m = 1 + r. What is the remainder when u(m) is divided by 16?
13
Suppose -5*g + 50 = 3*u, -g - 3 = 2*u - 13. Calculate the remainder when 87 is divided by g.
7
Let b(q) be the third derivative of 3*q**5/20 - q**4/12 - q**3/2 - 3*q**2. What is the remainder when b(-2) is divided by 19?
18
What is the remainder when 50 is divided by 1*(2 + (7 - -4))?
11
Let m(b) = -9*b + b**2 - 6*b + 15 + 0*b**2. Calculate the remainder when 58 is divided by m(15).
13
Let p(h) = -h**2 + 17*h - 16. Let f be p(16). Suppose -4*x = -f*x - 24. What is the remainder when 10 is divided by x?
4
Let p = 49 - 15. Calculate the remainder when p is divided by 18.
16
Let m(d) = -4*d - 5. What is the remainder when m(-8) is divided by 15?
12
What is the remainder when 68 is divided by (4/3)/(-4)*(-7 + -56)?
5
Suppose g - 6 = -g. Let m = 1 - 1. Calculate the remainder when 6 is divided by (m - g)*12/(-9).
2
Suppose 4*h - 9 = 39. Calculate the remainder when 14/(4*2/h) is divided by 7/(7/(-10))*(-30)/25.
9
Let b be (-2)/12 - 129/(-18). Let a = 110 - 76. What is the remainder when a is divided by 11 + -1 + (9 - b)?
10
Let w = 1 - -6. Let k(h) = -h**2 + 9*h + 1. What is the remainder when 58 is divided by k(w)?
13
Suppose -6*j = 4*j - 90. Suppose 3*z - 16 = 59. What is the remainder when z is divided by j?
7
Suppose 0*l - 56 = -4*l. What is the remainder when 52 is divided by l?
10
Suppose 5*o + 5*c - 28 = 72, 0 = 4*o - c - 60. What is the remainder when 94 is divided by o?
14
Suppose 0 = 4*y - 7*y + 69. What is the remainder when 91 is divided by y?
22
Suppose 0 = 4*r + 4*y - 8, -5*r + 14 = 4*y + 3. Suppose -r*l - 18 = -4*l. Let n = l - 9. Calculate the remainder when 25 is divided by n.
7
Suppose -3*c - 47 + 15 = -2*l, 0 = 4*l - 5*c - 60. Let v(g) = -2*g - 3. Calculate the remainder when l is divided by v(-3).
1
Let l(b) = b**3 - 5*b**2 - 6*b + 8. Let t be l(6). Suppose -10 = -3*u + t. Calculate the remainder when 10 is divided by u.
4
Let r(q) = -2*q + 10. Calculate the remainder when r(-5) is divided by 7.
6
Suppose 4*o - 2*r - 57 = 7, 2*o + 4*r - 32 = 0. What is the remainder when (3/(-6))/((-1)/60) is divided by o?
14
Let w(d) = 2*d**2 + 3*d + 2. Suppose -5*t - 23 = 3*m, 4*t - 2*m = -m - 15. Calculate the remainder when w(t) is divided by 8.
6
Let k = 0 - 29. Let s = 64 + k. What is the remainder when s is divided by 9?
8
What is the remainder when 43 is divided by 2*(-2)/2 + 17?
13
Let j = -1 - -6. Let o = 13 - 1. What is the remainder when o is divided by j?
2
Suppose -7*n - 480 = -1845. What is the remainder when n is divided by 50?
45
Let o = -2 - -2. Suppose o = 2*p - 4 - 54. Suppose -5*d + d = -32. What is the remainder when p is divided by d?
5
Suppose -i = -3*i + 28. Suppose -3*h + c = -2*h - i, -5*h + 66 = -4*c. Calculate the remainder when h is divided by 6.
4
Suppose x - 27 + 18 = 0. What is the remainder when 35 is divided by x?
8
Let d(h) = -h**3 + 10*h**2 - 7*h - 5. What is the remainder when 36 is divided by d(9)?
10
Suppose -u = 3, -5*r + 2*r - 3*u + 87 = 0. Let v = r + -22. What is the remainder when 18 is divided by v?
8
Let d = 243 - 157. What is the remainder when d is divided by 19?
10
Let o = -36 + 67. Suppose h = -3*h. Let b(n) = n + 16. Calculate the remainder when o is divided by b(h).
15
Suppose -19 = -c + 3*r + 2*r, 2*r + 112 = 4*c. Calculate the remainder when c is divided by 16.
13
Calculate the remainder when 48 is divided by (-1444)/(-57) + 1/(-3).
23
Let l(c) = 9*c**3 - c**2 - c + 1. Calculate the remainder when 15 is divided by l(1).
7
Suppose 2*m - 4*v - 12 = -2*v, -4*m + 24 = -3*v. What is the remainder when 21 is divided by m?
3
Let t = -6 - -8. Let a = 12 - 8. Calculate the remainder when a is divided by t.
0
Let s(j) = 6*j + 5. Calculate the remainder when s(14) is divided by 23.
20
Let i = -23 + 44. Calculate the remainder when 41 is divided by i.
20
Let a(t) = t**3 - t**2. Let h be a(2). Suppose 3*v = h*v - 34. What is the remainder when v is divided by 12?
10
Let x(f) = -2*f - 8. Let i be x(-8). Suppose i*d = 5*d + 93. What is the remainder when d is divided by 8?
7
Let q = 13 + -14. Let k = 4 - -13. What is the remainder when k is divided by q - (-3 + -2 - 2)?
5
Suppose f + 9 = 3*o, -13 =